umber?
False
Is 128903 a prime number?
True
Is 32735 a prime number?
False
Is 48017 prime?
True
Is 9727 a prime number?
False
Is 251927 prime?
False
Is 295387 a composite number?
False
Is 12622 prime?
False
Is 512891 composite?
False
Is 239363 prime?
False
Is 1461 prime?
False
Is 573 composite?
True
Is 50361 composite?
True
Is 18817 a prime number?
False
Is 46383 a prime number?
False
Is 1605035 prime?
False
Is 6615413 prime?
False
Is 12007 prime?
True
Is 24659 prime?
True
Is 331 prime?
True
Is 506213 prime?
True
Is 2011003 a composite number?
False
Is 61613 a prime number?
True
Is 19631 a composite number?
True
Is 12743 prime?
True
Is 70949 a composite number?
False
Is 5479 composite?
False
Is 138991 prime?
False
Is 8819 prime?
True
Is 83177 prime?
True
Is 17653 composite?
True
Is 23011 a composite number?
False
Is 1754 prime?
False
Is 13619 a composite number?
False
Is 318863 composite?
False
Is 11579 a prime number?
True
Is 153557 a prime number?
True
Is 110671 prime?
False
Is 19937 prime?
True
Is 3607 prime?
True
Is 12497 a prime number?
True
Is 90577 composite?
True
Is 16009 a composite number?
True
Is 22749 composite?
True
Is 280409 prime?
True
Is 20011 a prime number?
True
Is 33401 composite?
True
Is 31009 a prime number?
False
Is 183283 composite?
False
Is 11863 a prime number?
True
Is 579337 composite?
True
Is 1015433 a prime number?
True
Is 133801 a prime number?
True
Is 159977 prime?
True
Is 1304395 prime?
False
Is 150907 a prime number?
True
Is 22247 a prime number?
True
Is 13521 prime?
False
Is 54737 a composite number?
True
Is 2901 composite?
True
Is 4269 prime?
False
Is 3583531 a prime number?
False
Is 12781 a composite number?
False
Is 152734 a prime number?
False
Is 304193 composite?
False
Is 35881 prime?
False
Is 38297 a prime number?
False
Is 6607 prime?
True
Is 6187 prime?
False
Is 25007 composite?
True
Is 14759 prime?
True
Is 3265 a composite number?
True
Is 63377 prime?
True
Is 48451 prime?
False
Is 681481 composite?
False
Is 21209 prime?
False
Is 355669 a composite number?
False
Is 3747 composite?
True
Is 48731 a composite number?
False
Is 13829 composite?
False
Is 359719 composite?
False
Is 30523 a prime number?
False
Is 4083 a composite number?
True
Is 9091 a composite number?
False
Is 147309 a composite number?
True
Is 94201 a composite number?
False
Is 541 a prime number?
True
Is 2072437 composite?
False
Is 4815731 a composite number?
False
Is 99899 a prime number?
False
Is 1979 composite?
False
Is 496141 a composite number?
True
Is 24749 prime?
True
Is 28181 prime?
True
Is 515041 a prime number?
True
Is 54037 a prime number?
True
Is 57649 composite?
False
Is 745341 prime?
False
Is 2236909 a composite number?
True
Is 31351 prime?
False
Is 1213 a composite number?
False
Is 63439 prime?
True
Is 11113 a composite number?
False
Is 93569 composite?
True
Is 2771 composite?
True
Is 69799 a composite number?
True
Is 565549 a composite number?
False
Is 1055 a prime number?
False
Is 212969 a prime number?
True
Is 4909 a prime number?
True
Is 20779 a prime number?
False
Is 219299 composite?
True
Is 372059 composite?
False
Is 1089611 prime?
True
Is 4391 prime?
True
Is 14173 a prime number?
True
Is 13381 composite?
False
Is 280199 a composite number?
False
Is 6637 a composite number?
False
Is 65597 a prime number?
False
Is 274921 prime?
False
Is 12071 a prime number?
True
Is 66797 composite?
False
Is 5627 composite?
True
Is 430709 a prime number?
True
Is 150959 a composite number?
False
Is 1361 prime?
True
Is 14507 a prime number?
False
Is 26905 composite?
True
Is 9091 prime?
True
Is 227081 a prime number?
True
Is 1198373 composite?
True
Is 18371 composite?
False
Is 373435 a prime number?
False
Is 135367 a prime number?
True
Is 6107 prime?
False
Is 3593 composite?
False
Is 45943 prime?
True
Is 2633 a composite number?
False
Is 415469 prime?
True
Is 12039 a prime number?
False
Is 6977 prime?
True
Is 26653 composite?
True
Is 1174069 composite?
True
Is 1153967 a composite number?
False
Is 888235 a prime number?
False
Is 95867 a prime number?
False
Is 52729 a composite number?
True
Is 291803 prime?
False
Is 16207 composite?
True
Is 46619 composite?
False
Is 46711 a composite number?
True
Is 677 prime?
True
Is 2235967 a composite number?
True
Is 431141 a composite number?
False
Is 30731 composite?
True
Is 1583 composite?
False
Is 11197 prime?
True
Is 541901 a composite number?
False
Is 280121 composite?
False
Is 232217 composite?
False
Is 229867 composite?
True
Is 273697 prime?
True
Is 812671 a composite number?
False
Is 5147 prime?
True
Is 22189 prime?
True
Is 217643 a composite number?
False
Is 22226 prime?
False
Is 15449 composite?
True
Is 26671 a composite number?
True
Is 2657 composite?
False
Is 6667 a composite number?
True
Is 922549 a composite number?
False
Is 3886771 prime?
False
Is 239 prime?
True
Is 1820407 prime?
True
Is 252409 composite?
False
Is 16309 a composite number?
True
Is 7633 prime?
False
Is 54415 a prime number?
False
Is 109023 a composite number?
True
Is 59441 composite?
False
Is 36587 prime?
True
Is 48341 composite?
False
Is 371 composite?
True
Is 88285 a prime number?
False
Is 305663 prime?
True
Is 1583713 a prime number?
False
Is 11309 prime?
False
Is 102478 composite?
True
Is 22067 a prime number?
True
Is 2045 composite?
True
Is 4327 a prime number?
True
Is 8909 a composite number?
True
Is 131581 prime?
True
Is 203713 prime?
True
Is 18101 a composite number?
True
Is 252481 composite?
False
Is 83089 a prime number?
True
Is 779231 a prime number?
True
Is 2237 composite?
False
Is 79063 prime?
True
Is 182593 a prime number?
True
Is 1501 a composite number?
True
Is 132269 a composite number?
True
Is 187379 composite?
False
Is 135871 a prime number?
False
Is 26097 a composite number?
True
Is 113357 prime?
True
Is 82927 composite?
True
Is 94679 composite?
True
Is 16615 composite?
True
Is 125529 composite?
True
Is 75503 composite?
False
Is 230441 a prime number?
False
Is 71701 prime?
False
Is 953545 composite?
True
Is 29749 composite?
True
Is 4162 a prime number?
False
Is 3813493 prime?
True
Is 13649 composite?
False
Is 28877 a prime number?
False
Is 51049 composite?
True
Is 38195 prime?
False
Is 50761 prime?
False
Is 26309 composite?
False
Is 1137313 composite?
False
Is 45743 a prime number?
False
Is 112397 composite?
False
Is 1531 a composite number?
False
Is 19417 prime?
True
Is 212623 a prime number?
False
Is 55531 composite?
True
Is 11369 prime?
True
Is 12881 prime?
False
Is 75007 a prime number?
False
Is 7901 prime?
True
Is 7069 prime?
True
Is 4259 a composite number?
False
Is 131227 a prime number?
False
Is 1157489 a prime number?
True
Is 7162 a prime number?
False
Is 231614 a prime number?
False
Is 211511 prime?
False
Is 15013 composite?
False
Is 23099 composite?
False
Is 1587787 prime?
True
Is 67601 a prime number?
True
Is 629207 a composite number?
True
Is 472313 a prime number?
False
Is 151691 composite?
True
Is 435899 a prime number?
False
Is 629767 a prime number?
True
Is 209591 prime?
False
Is 5033 prime?
False
Is 953 composite?
False
Is 532709 a composite number?
False
Is 46333 a composite number?
True
Is 43853 a composite number?
False
Is 5557 a composite number?
False
Is 24343 prime?
False
Is 590071 a composite number?
False
Is 292018 a composite number?
True
Is 721 a prime number?
False
Is 1193 a prime number?
True
Is 20759 a composite number?
False
Is 3601 prime?
False
Is 8843 a prime number?
False
Is 735929 a prime number?
False
Is 174563 prime?
False
Is 144589 a composite number?
False
Is 613841 composite?
False
Is 233621 a prime number?
True
Is 5639 prime?
True
Is 226307 prime?
True
Is 51763 a composite number?
True
Is 1963829 a composite number?
True
Is 522943 composite?
False
Is 17637 a composite number?
True
Is 74831 a prime number?
True
Is 334439 a composite number?
True
Is 116639 prime?
True
Is 14177 prime?
True
Is 130859 prime?
True
Is 5147 a prime number?
True
Is 1604689 prime?
False
Is 11983 a prime number?
False
Is 412289 prime?
True
Is 46203 a composite number?
True
Is 17699 prime?
False
Is 50023 prime?
True
Is 1076587 composite?
False
Is 1347877 a prime number?
True
Is 275861 a composite number?
True
Is 139729 a prime number?
True
Is 227767 composite?
True
Is 277421 a composite